 3*z**3 - 2*z + 8*z + 5*z**2 - w. Suppose 3*j = 4*o + 26, -4*j + 0*j - 2*o = -20. Calculate u(j).
-3
Let v(s) = -3*s**2 + 24*s - 4. Let j(i) = 3*i**2 - 21*i + 3. Let k(g) = -6*j(g) - 5*v(g). Give k(3).
-7
Let q(s) = -4*s**2 + 14*s - 10. Let p(n) = n**2 - n + 4. Let m(y) = 5*p(y) + q(y). Give m(-4).
-10
Let p(q) = -q**2 + 9*q + 11. Let t be p(10). Let n(u) = -6*u**2 - 4*u - 4. Let i(a) = -2*a - 1. Let y(b) = 3*i(b) - n(b). Give y(t).
5
Let x be (-3 + 3 - 3)*6. Let z = x + 20. Let s(b) = -2*b - 2 + b + 8*b**2 - 5*b**z - b**2. Determine s(-2).
8
Let z(n) = n**3 + n**2 - 1. Let w be (-28)/(-70) + (-14)/10. Give z(w).
-1
Let x = -30 - -31. Let r(t) = 293*t - 282*t + x - 1. Give r(1).
11
Let s(l) be the third derivative of l**4/24 - l**3/6 + 111*l**2. Let v(d) = -d - 2. Let j be v(2). Let g be s(j). Let r(b) = 3*b + 4. Calculate r(g).
-11
Let q = 59 + -55. Let z(j) = j**2 - 5*j + 5. What is z(q)?
1
Let y(o) = -o**2 - 11. Let s = -4 - 3. Suppose 2*t = -2*u + u + 5, 3*u + 5*t - 13 = 0. Let g be (7 + s)*u/(-1). Give y(g).
-11
Let j be (-1)/(-2*4/40). Let k be 1317/15 - (-1)/j. Let i be (-75)/(-11) - (-16)/k. Let d(g) = g - 7. Calculate d(i).
0
Suppose -12*t = 5*p - 8*t + 15, -3 = p + 5*t. Let n(g) = -15*g + 1. What is n(p)?
46
Let r(d) be the third derivative of 0*d - 5/24*d**4 + 2/3*d**3 + 0 + 4*d**2 + 1/60*d**5. Let y = 13 - 8. Determine r(y).
4
Let f(o) = -6*o**3 - 12 - 7*o**2 + 4*o - 7*o - 7*o**3 + 7*o + 14*o**3. Give f(7).
16
Let i(m) be the third derivative of 13*m**6/120 + m**5/60 - m**2. Let r be 1*3*(-5)/(-3). Suppose -4*k + j = 9, -2*k - r*j + 20 = 3*k. What is i(k)?
-12
Let f(y) = -7*y + 5 - 4 - 2 + y. Determine f(1).
-7
Suppose 2*j - 9 = 3*o, j + 15 = -0*j - 5*o. Let r(a) = 10*a + 11. Let s be r(j). Let m(p) = -p**3 + 11*p**2 + p - 14. Give m(s).
-3
Let c(h) be the first derivative of h**3/3 + 7*h**2/2 - 9*h - 139. What is c(-6)?
-15
Let n(v) be the first derivative of 0*v**2 + 3*v**2 - 2 - 9*v - 2*v**2. Let x(r) = -r**3 + 3*r**2 + 10*r + 6. Let j be x(5). Calculate n(j).
3
Let t = -50 + 46. Let w be 0/(9/3) + 3. Let v(k) = 3*k**3 - 5*k**2 - 3*k**3 + w - k**3 - 2*k. Give v(t).
-5
Let o(a) be the first derivative of a**3/6 + 5*a**2/2 + 5*a - 14. Let f(s) be the first derivative of o(s). Calculate f(-3).
2
Let w(v) be the first derivative of -v**4/4 - 7*v**3/3 + v**2 + 6*v + 10. Let o be w(-7). Let b be (6/o)/(2/8). Let l(r) = 6*r + 4. Calculate l(b).
-14
Let x(c) be the first derivative of 7*c**4/2 - c**3/3 + c**2/2 - c - 3. Suppose 3*m = -w + 1 + 1, 4*m - 3 = -w. Give x(m).
13
Let o(u) = -3*u**3 - 12*u**2 + 4*u - 17. Let m = -37 - -42. Let c(v) = 2*v**3 + 8*v**2 - 3*v + 11. Let l(t) = m*o(t) + 8*c(t). What is l(-5)?
-2
Let k(r) be the second derivative of r**5/120 - r**4/24 - r**3/2 + 2*r. Let o(d) be the second derivative of k(d). Suppose -3*n - 61 + 52 = 0. Give o(n).
-4
Let s be 108/6 - (-1 + 1). Suppose -s*c - 4 = -14*c. Let p(b) = -9*b**2 + 2*b + 1. Determine p(c).
-10
Let k(u) = u - 3 - 18*u - 1 + 3. Suppose 0 = -9*b - 4*b + 13. Determine k(b).
-18
Suppose 12 - 26 = -7*g. Let f(w) = g*w + 3 - 3 + 7. What is f(-5)?
-3
Suppose b = -0*b - 5. Let w(v) be the second derivative of -v**4/12 - 2*v**3/3 + 7*v**2/2 + 321*v. Determine w(b).
2
Let w(a) = 2*a**2 - 1. Let b(k) = -7*k**2 - 8*k - 4. Let h(j) = -b(j) - 4*w(j). Calculate h(9).
-1
Let g(k) = 0*k - 11 - 3*k**3 + 2*k**3 + 3 - 2*k. Give g(0).
-8
Suppose -2*z = 2*x - 8, -2*z = 2*z - x - 6. Let s(r) = 9 - 4 - r**z + 9*r - 7*r. Determine s(-4).
-19
Let v be 0/(2/(-1 + -1)). Let p(q) = 12 - 4*q - 5 + 3*q**2 + v*q + 3*q**2 - q**3. Give p(5).
12
Let w(r) = r**2 + 8*r - 10. Let m be (-2 - 11) + 5/((-15)/(-18)). What is w(m)?
-17
Let i be 5/(34/(-30) + 120/900). Let s(q) = -q**2 - 8*q - 4. Determine s(i).
11
Let j(f) = f**2 + 10*f + 28. Let i be j(-7). Let o(q) = -2*q - 10 + 2*q - 8*q + i*q. What is o(-8)?
-2
Let k(r) = r**3 - 16*r**2 + 14*r + 5. Suppose -11*p + 89 = -76. Determine k(p).
-10
Let j(p) = -2*p - 1. Suppose 4*c - 12 = 2*q - 8, -4*c = 4. Give j(q).
7
Let z(f) = 4*f**3 - 25*f**2 - 2*f - 4. Let r(p) = 3*p**3 - 4*p - 3 - 8*p + 11*p - 17*p**2. Let m = 6 + -13. Let k(y) = m*r(y) + 5*z(y). What is k(-5)?
-9
Let y(z) = -z - 7. Let q(w) = -w**3 + 4*w**2 - 3*w + 3. Let r be q(4). Let k = -31 - r. Let b = 16 + k. Determine y(b).
-1
Let u(y) = 3*y - 1. Suppose -15*f + 17*f = 8. Suppose f*t - 4*n + 23 = 171, 4*n = -16. Let q = -28 + t. Determine u(q).
14
Let h be ((-8)/6)/((-70)/(-105)). Let s(i) = 11*i**2 + 2*i. Determine s(h).
40
Let k(f) = -6*f**2 - 11*f - 3. Let r be k(-2). Let v(t) = -t**2 - 5*t - 10. Determine v(r).
-10
Suppose 2*t - 4*m = 26, 5*t - 3*m - 10 = -4*m. Suppose 3*r = -3*p + 15, t = -3*r - 3. Let h(j) be the first derivative of -j**2/2 + j - 2. What is h(p)?
-6
Suppose -5*y - 2 = v, -3*v - 2*v - 4*y = -11. Suppose 0*u + 3 = 3*u + v*q, -4*u + 20 = -4*q. Let s(k) = -6*k + 4. What is s(u)?
-14
Let y be 1 + 1 + (2 - -1). Suppose 5 = -y*q - 0*q. Let i(r) = -3*r. Let d(k) = 3*k. Let l(c) = -9*d(c) - 6*i(c). What is l(q)?
9
Let w(u) be the third derivative of -u**7/2520 - u**6/360 + u**5/60 + 11*u**4/12 + 22*u**2. Let m(o) be the second derivative of w(o). Calculate m(-3).
-1
Suppose j = -5*u + 1928 - 647, 2*u - 509 = 3*j. Let m(r) = -4*r - r + 257*r**2 + 4 + 0*r - u*r**2. Determine m(5).
4
Let k be 177/(-413)*14/(-3). Let h(z) be the second derivative of z**7/840 + z**4/12 + z**3/6 - 2*z. Let v(u) be the second derivative of h(u). Give v(k).
10
Let m(a) be the third derivative of -a**5/60 - a**4/12 - a**3/3 + a**2. Let s(l) be the first derivative of m(l). Let f = 160 - 158. Give s(f).
-6
Suppose -6*w + 21 = w. Let a(n) be the second derivative of 1/2*n**3 + 0 + 3*n**2 - w*n. What is a(-5)?
-9
Let t be (-12)/(-42) + 304/14. Let h(r) = -3*r - 1. Let w be h(-5). Suppose 4*z = -4*u - 6 + w, -5*z + t = -u. Let v(l) = -2*l**2 - 2*l. Calculate v(u).
-4
Let s be 2/3 + 88/12. Let z(u) = 1 + s*u - 2 + u - 7*u. Suppose -8*k + 3 = -5*k. Determine z(k).
1
Let g be (10/(-6))/((-3)/27). Let p = 17 - g. Let j(x) = 2 + 5*x - 2 - 4 + 2*x**p. Calculate j(-4).
8
Let g(a) = -a**2 + 7*a - 4. Suppose -5*j = -35 - 90. Let y be (-1)/(-3 - -7) + j/4. What is g(y)?
2
Let v(c) be the second derivative of -c**4/12 + 3*c**3/2 + 3*c**2 - 55*c. Determine v(8).
14
Suppose 6 = -3*m + 15. Let s(j) = -2*j**3 + 3*j**3 + 2 + m*j - 3*j - 6*j**2 - j. Give s(6).
-4
Suppose 4*q + 2 = 14. Let o(v) = -7*v**2 - 5*v - 8 + 5*v**q + 4*v + 2*v**2. Let i(u) = 4*u**3 - 5*u**2 - 8. Let z(s) = -6*i(s) + 5*o(s). Calculate z(-6).
2
Suppose -12*n + 20*n = 0. Let h(s) be the third derivative of -7*s**5/60 + s**4/24 - s**3 - s**2. Let b(d) = d**2 + 1. Let x(g) = 6*b(g) + h(g). What is x(n)?
0
Let m(l) = -l**2 + 11*l + 7. Let s(c) = -6*c - 162. Let g be s(-29). Determine m(g).
-5
Suppose 2 = -15*g + 47. Suppose h - g*h = 2*h. Let j(v) = -v**3 + 5*v**2 + 5*v + 2. Let s(d) = d**2 + d. Let o(y) = -j(y) + 4*s(y). Determine o(h).
-2
Let q(b) = -11*b**2 - 19 + 0*b + 0*b + 5 - 2*b + 9*b**2. Give q(0).
-14
Let h(v) = 4*v - 4. Let y(g) = 4*g**2 - 5*g - 6. Let b be y(-4). Suppose -17 = -2*r - p - b, -4*p = -3*r - 86. Let t = r - -33. Give h(t).
8
Let w(j) be the third derivative of j**4/12 - j**3/6 + 2*j**2 + 7*j. What is w(1)?
1
Let i(p) be the third derivative of -p**5/60 + p**4/24 + 2*p**3/3 + 12*p**2. Determine i(3).
-2
Suppose 5*x + 15 = 0, -5*z + 99 = -z - x. Let d(n) = 2*n**2 + 4 + 22*n + n**3 - 75*n + z*n + 27*n. Suppose -2*q = -5*q - 9. Determine d(q).
1
Let p(i) = -i**2 + 2*i. Let q be 1/(4 - -4*(-22)/24). Calculate p(q).
-3
Let p be (-3 - -5) + 4 + (-2 - -3). Let k(g) = -5*g + 8. What is k(p)?
-27
Suppose 4*w = -5*c + 3 - 0, 5*c + 7 = w. Let t be 2 + 1 + 4/w. Let f(i) = -i**3 + 2*i**2 - 3 + 5*i**2 - 2*i**2. What is f(t)?
-3
Let x(z) = -25*z + 1. Suppose -47 - 89 = -68*f. What is x(f)?
-49
Let k(p) = 17*p**2 + 1. Suppose -74*t + 66*t = -8. Give k(t).
18
Let k(o) be the first derivative of -o**4/4 + o**3/3 + 2*o**2 - o - 5. Let f(r) = 6*r. Let a be f(3). Suppose -4*n - 6 = -a. Calculate k(n).
-7
Let k(q) = -q**2 + 5*q - 3. Let s be (-1 - -6) + (-1)/(3/6). Determine k(s).
3
Let n(u) be the third derivative of u**6/120 + 7*u**5/30 - 2*u**4/3 - 19*u**3/6 - 6*u**2. Let v be n(-15). Let r(o) = o**2 + 5*o + 3. Determine r(v).
-1
Suppose 2*j - 4